{"id":211,"date":"2022-05-06T20:02:16","date_gmt":"2022-05-06T20:02:16","guid":{"rendered":"https:\/\/avec-madagascar.fr\/?page_id=211"},"modified":"2022-06-14T13:11:26","modified_gmt":"2022-06-14T13:11:26","slug":"nos-actions","status":"publish","type":"page","link":"https:\/\/avec-madagascar.fr\/?page_id=211","title":{"rendered":"Nos actions"},"content":{"rendered":"\t\t<div data-elementor-type=\"wp-page\" data-elementor-id=\"211\" class=\"elementor elementor-211\">\n\t\t\t\t\t\t\t\t\t<section class=\"elementor-section elementor-top-section elementor-element elementor-element-e679117 elementor-section-boxed elementor-section-height-default elementor-section-height-default\" data-id=\"e679117\" data-element_type=\"section\">\n\t\t\t\t\t\t<div class=\"elementor-container elementor-column-gap-default\">\n\t\t\t\t\t<div class=\"elementor-column elementor-col-100 elementor-top-column elementor-element elementor-element-c6c9f1a\" data-id=\"c6c9f1a\" data-element_type=\"column\">\n\t\t\t<div class=\"elementor-widget-wrap elementor-element-populated\">\n\t\t\t\t\t\t\t\t<div class=\"elementor-element elementor-element-bcf8ed2 elementor-widget elementor-widget-heading\" data-id=\"bcf8ed2\" data-element_type=\"widget\" data-widget_type=\"heading.default\">\n\t\t\t\t<div class=\"elementor-widget-container\">\n\t\t\t<style>\/*! elementor - v3.6.4 - 13-04-2022 *\/\n.elementor-heading-title{padding:0;margin:0;line-height:1}.elementor-widget-heading .elementor-heading-title[class*=elementor-size-]>a{color:inherit;font-size:inherit;line-height:inherit}.elementor-widget-heading .elementor-heading-title.elementor-size-small{font-size:15px}.elementor-widget-heading .elementor-heading-title.elementor-size-medium{font-size:19px}.elementor-widget-heading .elementor-heading-title.elementor-size-large{font-size:29px}.elementor-widget-heading .elementor-heading-title.elementor-size-xl{font-size:39px}.elementor-widget-heading .elementor-heading-title.elementor-size-xxl{font-size:59px}<\/style><h2 class=\"elementor-heading-title elementor-size-default\">Carte interractive<\/h2>\t\t<\/div>\n\t\t\t\t<\/div>\n\t\t\t\t<div class=\"elementor-element elementor-element-432e77a elementor-widget elementor-widget-text-editor\" data-id=\"432e77a\" data-element_type=\"widget\" data-widget_type=\"text-editor.default\">\n\t\t\t\t<div class=\"elementor-widget-container\">\n\t\t\t<style>\/*! elementor - v3.6.4 - 13-04-2022 *\/\n.elementor-widget-text-editor.elementor-drop-cap-view-stacked .elementor-drop-cap{background-color:#818a91;color:#fff}.elementor-widget-text-editor.elementor-drop-cap-view-framed .elementor-drop-cap{color:#818a91;border:3px solid;background-color:transparent}.elementor-widget-text-editor:not(.elementor-drop-cap-view-default) .elementor-drop-cap{margin-top:8px}.elementor-widget-text-editor:not(.elementor-drop-cap-view-default) .elementor-drop-cap-letter{width:1em;height:1em}.elementor-widget-text-editor .elementor-drop-cap{float:left;text-align:center;line-height:1;font-size:50px}.elementor-widget-text-editor .elementor-drop-cap-letter{display:inline-block}<\/style>\t\t\t\t<p>AVEC travaille principalement en brousse dans le domaine de la sant\u00e9 dans les dispensaires d&rsquo;Antsiramandroso et de Marotsiriry, et AVEC a cr\u00e9\u00e9 un poste de sant\u00e9 \u00e0 Mahazoarivo. En mati\u00e9re d&rsquo;\u00e9ducation AVEC est intervenue \u00e0 Tamatave, \u00e0 Marotsiriry et \u00e0 Mahazoarivo. Actuellement AVEC travaille \u00e0 l&rsquo;autonomisation financi\u00e8re des Filles de la Sagesse \u00e0 Ambohimanamora et Ansahamanambina en banlieue d&rsquo;Ansirabe.\u00a0<\/p><p>Cette carte vous permet de visualiser les diff\u00e9rents lieux mais aussi d&rsquo;en savoir plus en cliquant dessus.<\/p>\t\t\t\t\t\t<\/div>\n\t\t\t\t<\/div>\n\t\t\t\t\t<\/div>\n\t\t<\/div>\n\t\t\t\t\t\t\t<\/div>\n\t\t<\/section>\n\t\t\t\t<section class=\"elementor-section elementor-top-section elementor-element elementor-element-c33fe56 elementor-section-boxed elementor-section-height-default elementor-section-height-default\" data-id=\"c33fe56\" data-element_type=\"section\" data-settings=\"{&quot;background_background&quot;:&quot;classic&quot;}\">\n\t\t\t\t\t\t<div class=\"elementor-container elementor-column-gap-default\">\n\t\t\t\t\t<div class=\"elementor-column elementor-col-100 elementor-top-column elementor-element elementor-element-7eb7924\" data-id=\"7eb7924\" data-element_type=\"column\">\n\t\t\t<div class=\"elementor-widget-wrap elementor-element-populated\">\n\t\t\t\t\t\t\t\t<div class=\"elementor-element elementor-element-8849701 elementor-widget elementor-widget-spacer\" data-id=\"8849701\" data-element_type=\"widget\" data-widget_type=\"spacer.default\">\n\t\t\t\t<div class=\"elementor-widget-container\">\n\t\t\t<style>\/*! elementor - v3.6.4 - 13-04-2022 *\/\n.e-container.e-container--row .elementor-spacer-inner{width:var(--spacer-size)}.e-container.e-container--column .elementor-spacer-inner,.elementor-column .elementor-spacer-inner{height:var(--spacer-size)}<\/style>\t\t<div class=\"elementor-spacer\">\n\t\t\t<div class=\"elementor-spacer-inner\"><\/div>\n\t\t<\/div>\n\t\t\t\t<\/div>\n\t\t\t\t<\/div>\n\t\t\t\t<div class=\"elementor-element elementor-element-66d363e elementor-widget elementor-widget-image\" data-id=\"66d363e\" data-element_type=\"widget\" data-widget_type=\"image.default\">\n\t\t\t\t<div class=\"elementor-widget-container\">\n\t\t\t<style>\/*! elementor - v3.6.4 - 13-04-2022 *\/\n.elementor-widget-image{text-align:center}.elementor-widget-image a{display:inline-block}.elementor-widget-image a img[src$=\".svg\"]{width:48px}.elementor-widget-image img{vertical-align:middle;display:inline-block}<\/style>\t\t\t\t\t\t\t\t\t\t\t\t\t<a href=\"https:\/\/avec-madagascar.fr\/?page_id=260\">\n\t\t\t\t\t\t\t<img decoding=\"async\" width=\"649\" height=\"321\" src=\"https:\/\/avec-madagascar.fr\/wp-content\/uploads\/2022\/05\/map-tana.png\" class=\"attachment-full size-full\" alt=\"\" loading=\"lazy\" srcset=\"https:\/\/avec-madagascar.fr\/wp-content\/uploads\/2022\/05\/map-tana.png 649w, https:\/\/avec-madagascar.fr\/wp-content\/uploads\/2022\/05\/map-tana-300x148.png 300w\" sizes=\"(max-width: 649px) 100vw, 649px\" \/>\t\t\t\t\t\t\t\t<\/a>\n\t\t\t\t\t\t\t\t\t\t\t\t\t\t\t<\/div>\n\t\t\t\t<\/div>\n\t\t\t\t<div class=\"elementor-element elementor-element-4c3f965 elementor-widget elementor-widget-image\" data-id=\"4c3f965\" data-element_type=\"widget\" data-widget_type=\"image.default\">\n\t\t\t\t<div class=\"elementor-widget-container\">\n\t\t\t\t\t\t\t\t\t\t\t\t\t\t\t\t<a href=\"https:\/\/avec-madagascar.fr\/?page_id=268\">\n\t\t\t\t\t\t\t<img decoding=\"async\" width=\"649\" height=\"321\" src=\"https:\/\/avec-madagascar.fr\/wp-content\/uploads\/2022\/05\/map-antsiramandroso.png\" class=\"attachment-full size-full\" alt=\"\" loading=\"lazy\" srcset=\"https:\/\/avec-madagascar.fr\/wp-content\/uploads\/2022\/05\/map-antsiramandroso.png 649w, https:\/\/avec-madagascar.fr\/wp-content\/uploads\/2022\/05\/map-antsiramandroso-300x148.png 300w\" sizes=\"(max-width: 649px) 100vw, 649px\" \/>\t\t\t\t\t\t\t\t<\/a>\n\t\t\t\t\t\t\t\t\t\t\t\t\t\t\t<\/div>\n\t\t\t\t<\/div>\n\t\t\t\t<div class=\"elementor-element elementor-element-a88ac61 elementor-widget elementor-widget-image\" data-id=\"a88ac61\" data-element_type=\"widget\" data-widget_type=\"image.default\">\n\t\t\t\t<div class=\"elementor-widget-container\">\n\t\t\t\t\t\t\t\t\t\t\t\t\t\t\t\t<a href=\"https:\/\/avec-madagascar.fr\/?page_id=907\">\n\t\t\t\t\t\t\t<img decoding=\"async\" src=\"https:\/\/avec-madagascar.fr\/wp-content\/uploads\/2022\/06\/map-tananarive.png\" title=\"map tananarive\" alt=\"map tananarive\" \/>\t\t\t\t\t\t\t\t<\/a>\n\t\t\t\t\t\t\t\t\t\t\t\t\t\t\t<\/div>\n\t\t\t\t<\/div>\n\t\t\t\t<div class=\"elementor-element elementor-element-684532d elementor-widget elementor-widget-image\" data-id=\"684532d\" data-element_type=\"widget\" data-widget_type=\"image.default\">\n\t\t\t\t<div class=\"elementor-widget-container\">\n\t\t\t\t\t\t\t\t\t\t\t\t\t\t\t\t<a href=\"https:\/\/avec-madagascar.fr\/?page_id=273\">\n\t\t\t\t\t\t\t<img decoding=\"async\" width=\"649\" height=\"321\" src=\"https:\/\/avec-madagascar.fr\/wp-content\/uploads\/2022\/05\/map-MAROT.png\" class=\"attachment-full size-full\" alt=\"\" loading=\"lazy\" srcset=\"https:\/\/avec-madagascar.fr\/wp-content\/uploads\/2022\/05\/map-MAROT.png 649w, https:\/\/avec-madagascar.fr\/wp-content\/uploads\/2022\/05\/map-MAROT-300x148.png 300w\" sizes=\"(max-width: 649px) 100vw, 649px\" \/>\t\t\t\t\t\t\t\t<\/a>\n\t\t\t\t\t\t\t\t\t\t\t\t\t\t\t<\/div>\n\t\t\t\t<\/div>\n\t\t\t\t<div class=\"elementor-element elementor-element-c94b664 elementor-widget elementor-widget-image\" data-id=\"c94b664\" data-element_type=\"widget\" data-widget_type=\"image.default\">\n\t\t\t\t<div class=\"elementor-widget-container\">\n\t\t\t\t\t\t\t\t\t\t\t\t\t\t\t\t<a href=\"https:\/\/avec-madagascar.fr\/?page_id=919\">\n\t\t\t\t\t\t\t<img decoding=\"async\" width=\"648\" height=\"333\" src=\"https:\/\/avec-madagascar.fr\/wp-content\/uploads\/2022\/06\/map-antsirabe.png\" class=\"attachment-full size-full\" alt=\"\" loading=\"lazy\" srcset=\"https:\/\/avec-madagascar.fr\/wp-content\/uploads\/2022\/06\/map-antsirabe.png 648w, https:\/\/avec-madagascar.fr\/wp-content\/uploads\/2022\/06\/map-antsirabe-300x154.png 300w\" sizes=\"(max-width: 648px) 100vw, 648px\" \/>\t\t\t\t\t\t\t\t<\/a>\n\t\t\t\t\t\t\t\t\t\t\t\t\t\t\t<\/div>\n\t\t\t\t<\/div>\n\t\t\t\t<div class=\"elementor-element elementor-element-3a94480 elementor-widget elementor-widget-image\" data-id=\"3a94480\" data-element_type=\"widget\" data-widget_type=\"image.default\">\n\t\t\t\t<div class=\"elementor-widget-container\">\n\t\t\t\t\t\t\t\t\t\t\t\t\t\t\t\t<a href=\"https:\/\/avec-madagascar.fr\/?page_id=284\">\n\t\t\t\t\t\t\t<img decoding=\"async\" width=\"649\" height=\"321\" src=\"https:\/\/avec-madagascar.fr\/wp-content\/uploads\/2022\/05\/map-MAHAZO.png\" class=\"attachment-full size-full\" alt=\"\" loading=\"lazy\" srcset=\"https:\/\/avec-madagascar.fr\/wp-content\/uploads\/2022\/05\/map-MAHAZO.png 649w, https:\/\/avec-madagascar.fr\/wp-content\/uploads\/2022\/05\/map-MAHAZO-300x148.png 300w\" sizes=\"(max-width: 649px) 100vw, 649px\" \/>\t\t\t\t\t\t\t\t<\/a>\n\t\t\t\t\t\t\t\t\t\t\t\t\t\t\t<\/div>\n\t\t\t\t<\/div>\n\t\t\t\t<div class=\"elementor-element elementor-element-a1540d4 elementor-widget elementor-widget-spacer\" data-id=\"a1540d4\" data-element_type=\"widget\" data-widget_type=\"spacer.default\">\n\t\t\t\t<div class=\"elementor-widget-container\">\n\t\t\t\t\t<div class=\"elementor-spacer\">\n\t\t\t<div class=\"elementor-spacer-inner\"><\/div>\n\t\t<\/div>\n\t\t\t\t<\/div>\n\t\t\t\t<\/div>\n\t\t\t\t\t<\/div>\n\t\t<\/div>\n\t\t\t\t\t\t\t<\/div>\n\t\t<\/section>\n\t\t\t\t<section class=\"elementor-section elementor-top-section elementor-element elementor-element-ac4e1c1 elementor-section-boxed elementor-section-height-default elementor-section-height-default\" data-id=\"ac4e1c1\" data-element_type=\"section\">\n\t\t\t\t\t\t<div class=\"elementor-container elementor-column-gap-default\">\n\t\t\t\t\t<div class=\"elementor-column elementor-col-100 elementor-top-column elementor-element elementor-element-1d3bd64\" data-id=\"1d3bd64\" data-element_type=\"column\">\n\t\t\t<div class=\"elementor-widget-wrap elementor-element-populated\">\n\t\t\t\t\t\t\t\t<div class=\"elementor-element elementor-element-c24acf0 elementor-widget elementor-widget-spacer\" data-id=\"c24acf0\" data-element_type=\"widget\" data-widget_type=\"spacer.default\">\n\t\t\t\t<div class=\"elementor-widget-container\">\n\t\t\t\t\t<div class=\"elementor-spacer\">\n\t\t\t<div class=\"elementor-spacer-inner\"><\/div>\n\t\t<\/div>\n\t\t\t\t<\/div>\n\t\t\t\t<\/div>\n\t\t\t\t<div class=\"elementor-element elementor-element-e095e54 elementor-widget elementor-widget-heading\" data-id=\"e095e54\" data-element_type=\"widget\" data-widget_type=\"heading.default\">\n\t\t\t\t<div class=\"elementor-widget-container\">\n\t\t\t<h2 class=\"elementor-heading-title elementor-size-default\">Pourquoi avons-nous choisi d\u2019agir \u00e0 Madagascar\u00a0?<\/h2>\t\t<\/div>\n\t\t\t\t<\/div>\n\t\t\t\t<div class=\"elementor-element elementor-element-daa0c54 elementor-widget elementor-widget-text-editor\" data-id=\"daa0c54\" data-element_type=\"widget\" data-widget_type=\"text-editor.default\">\n\t\t\t\t<div class=\"elementor-widget-container\">\n\t\t\t\t\t\t\t<p>\u2022 Dans le monde sur plus de 7 milliards d\u2019\u00eatres humains, il y en a environ 20% qui vivent avec moins d\u2019un dollar par jour ! \u00c0 Madagascar (27 millions) c\u2019est 70% de la population, c\u2019est le <strong>8 \u00e8me pays le plus pauvre<\/strong><\/p><p>\u2022 Dans le monde plus de 1 milliard de personnes souffrent de la faim. \u00c0 Madagascar sur 27 millions d\u2019habitants ils sont plus de 35% de la population c\u2019est <strong>le 4 \u00e8me pays qui souffre le plus de la faim<\/strong>. Et plus de 700.000 personnes souffrent depuis 2010 de famines r\u00e9currentes \u00e0 cause de la s\u00e8cheresse dans le sud-ouest de l\u2019\u00eele.<\/p><p>\u2022 Dans le monde plus de 2 milliards de personnes, soit <strong>30 % de la population<\/strong> mondiale, n&rsquo;a toujours <strong>pas acc\u00e8s \u00e0 l\u2019eau<\/strong> potable g\u00e9r\u00e9e en s\u00e9curit\u00e9 et 785 millions de personnes (10%) ne b\u00e9n\u00e9ficient m\u00eame pas d\u2019un service de base. Probl\u00e8me tr\u00e8s li\u00e9, 4,5 milliards, soit <strong>60 %, ne disposent pas d&rsquo;assainissement<\/strong>. \u00c0 Madagascar ces pourcentages de la population sont exactement les m\u00eames.<\/p><p>\u2022 Dans le monde, au moins 400 millions de personnes ont un acc\u00e8s insuffisant, voire inexistant, \u00e0 des soins, la moiti\u00e9 au moins de la population de la plan\u00e8te n\u2019a pas acc\u00e8s aux services de sant\u00e9 essentiels. A Madagascar, il y a un <strong>sous-\u00e9quipement \u00ab sant\u00e9 \u00bb dramatique<\/strong> : 3206 Centre de Sant\u00e9 de Base, dont 2586 CSB publics. Seuls 30% des CSB fonctionnent avec des r\u00e9frig\u00e9rateurs soit 809. De plus le taux des consultations des CSB diminue. Si en 2000, le taux \u00e9tait de 50,2%, en 2016 le taux il n\u2019\u00e9tait plus que de 33,8% (<strong>co\u00fbt pour les plus pauvres, non proximit\u00e9<\/strong> des CSB de la population,<strong> non fonctionnement<\/strong> des CSB \u00e0 cause du manque de moyens). Madagascar est en mati\u00e8re de sant\u00e9 parmi les plus mal lotis.<\/p>\t\t\t\t\t\t<\/div>\n\t\t\t\t<\/div>\n\t\t\t\t\t<\/div>\n\t\t<\/div>\n\t\t\t\t\t\t\t<\/div>\n\t\t<\/section>\n\t\t\t\t\t\t\t<\/div>\n\t\t","protected":false},"excerpt":{"rendered":"<p>Carte interractive AVEC travaille principalement en brousse dans le domaine de la sant\u00e9 dans les dispensaires d&rsquo;Antsiramandroso et de Marotsiriry, et AVEC a cr\u00e9\u00e9 un poste de sant\u00e9 \u00e0 Mahazoarivo. En mati\u00e9re d&rsquo;\u00e9ducation AVEC est intervenue \u00e0 Tamatave, \u00e0 Marotsiriry et \u00e0 Mahazoarivo. Actuellement AVEC travaille \u00e0 l&rsquo;autonomisation financi\u00e8re des Filles de la Sagesse \u00e0&hellip;&nbsp;<a href=\"https:\/\/avec-madagascar.fr\/?page_id=211\" class=\"\" rel=\"bookmark\">Lire la suite &raquo;<span class=\"screen-reader-text\">Nos actions<\/span><\/a><\/p>\n","protected":false},"author":1,"featured_media":0,"parent":0,"menu_order":0,"comment_status":"closed","ping_status":"closed","template":"page-templates\/template-pagebuilder-full-width.php","meta":{"om_disable_all_campaigns":false,"_monsterinsights_skip_tracking":false,"_monsterinsights_sitenote_active":false,"_monsterinsights_sitenote_note":"","_monsterinsights_sitenote_category":0,"neve_meta_sidebar":"","neve_meta_container":"","neve_meta_enable_content_width":"","neve_meta_content_width":0,"neve_meta_title_alignment":"","neve_meta_author_avatar":"","neve_post_elements_order":"","neve_meta_disable_header":"","neve_meta_disable_footer":"","neve_meta_disable_title":""},"aioseo_notices":[],"_links":{"self":[{"href":"https:\/\/avec-madagascar.fr\/index.php?rest_route=\/wp\/v2\/pages\/211"}],"collection":[{"href":"https:\/\/avec-madagascar.fr\/index.php?rest_route=\/wp\/v2\/pages"}],"about":[{"href":"https:\/\/avec-madagascar.fr\/index.php?rest_route=\/wp\/v2\/types\/page"}],"author":[{"embeddable":true,"href":"https:\/\/avec-madagascar.fr\/index.php?rest_route=\/wp\/v2\/users\/1"}],"replies":[{"embeddable":true,"href":"https:\/\/avec-madagascar.fr\/index.php?rest_route=%2Fwp%2Fv2%2Fcomments&post=211"}],"version-history":[{"count":73,"href":"https:\/\/avec-madagascar.fr\/index.php?rest_route=\/wp\/v2\/pages\/211\/revisions"}],"predecessor-version":[{"id":1156,"href":"https:\/\/avec-madagascar.fr\/index.php?rest_route=\/wp\/v2\/pages\/211\/revisions\/1156"}],"wp:attachment":[{"href":"https:\/\/avec-madagascar.fr\/index.php?rest_route=%2Fwp%2Fv2%2Fmedia&parent=211"}],"curies":[{"name":"wp","href":"https:\/\/api.w.org\/{rel}","templated":true}]}}