{"id":561,"date":"2022-06-07T22:14:12","date_gmt":"2022-06-07T22:14:12","guid":{"rendered":"https:\/\/avec-madagascar.fr\/?page_id=561"},"modified":"2022-06-07T22:14:12","modified_gmt":"2022-06-07T22:14:12","slug":"2019-2","status":"publish","type":"page","link":"https:\/\/avec-madagascar.fr\/?page_id=561","title":{"rendered":"2019"},"content":{"rendered":"\n<p>La mission r\u00e9alis\u00e9e sur place&nbsp;en juin-juillet 2019 a permis&nbsp;:<\/p>\n\n\n\n<p><strong>La formation des soignantes&nbsp;:<\/strong> Luc Ravinet a assur\u00e9 en juin, sa 5<sup>\u00e8me<\/sup> session de formation, organis\u00e9e \u00e0 Tamatave pour la partie th\u00e9orique et dans les deux dispensaires pour les applications pratiques. Le contenu en a \u00e9t\u00e9 concert\u00e9 avec les s\u0153urs comme chaque ann\u00e9e.<\/p>\n\n\n\n<p><strong>L\u2019\u00e9quipement en eau des dispensaires d\u2019Antsiramandroso et Marotsiriry. <\/strong>Ce chantier lanc\u00e9 en 2017 \u00e9tait rest\u00e9 inachev\u00e9 fin 2018 \u00e0 la suite des difficult\u00e9s rencontr\u00e9es avec les entreprises malgaches, conclues par leur abandon de chantiers. Maurice Jomard s\u2019est donc rendu dans les 2 dispensaires pour finir en r\u00e9gie les travaux de forage et la mise en fonction de tous les \u00e9quipements, il a d\u00fb recruter sur place les comp\u00e9tences et acheter les mat\u00e9riels, n\u00e9cessaires et r\u00e9soudre les questions juridiques et contractuelles.<\/p>\n\n\n\n<p>L\u2019engagement budg\u00e9taire d\u2019AVEC&nbsp;\u00e9tait de 16.100,00 \u20ac, il a d\u00fb \u00eatre revu pour le co\u00fbt du chantier au final de 21.857,29 \u20ac. Un proc\u00e8s-verbal de r\u00e9ception finale et d\u00e9finitive a \u00e9t\u00e9 sign\u00e9 avec les S\u0153urs de la Sagesse apr\u00e8s validation du Conseil d\u2019administration d\u2019AVEC le 18\/09\/2019.&nbsp;&nbsp;&nbsp;&nbsp;&nbsp;&nbsp;&nbsp;&nbsp;&nbsp;&nbsp;&nbsp;&nbsp;&nbsp;&nbsp;<\/p>\n\n\n\n<figure class=\"wp-block-table is-style-stripes\"><table><tbody><tr><td>Financement<\/td><td>\u20ac<\/td><td>%<\/td><\/tr><tr><td>Subvention Cr\u00e9dit Agricole M\u00e9c\u00e9nat<\/td><td>4 000,00 \u20ac<\/td><td>18,30%<\/td><\/tr><tr><td>Subvention association ASEM de La Grigonnais<\/td><td>1 000,00 \u20ac<\/td><td>4,58%<\/td><\/tr><tr><td>Subvention R\u00e9gion Centre-Val de Loire<\/td><td>7 600,00 \u20ac<\/td><td>34,77%<\/td><\/tr><tr><td>Fonds propres AVEC<\/td><td>9 257,29 \u20ac<\/td><td>42,35%<\/td><\/tr><tr><td>Total<\/td><td>21 857,29 \u20ac<\/td><td>100,00%<\/td><\/tr><\/tbody><\/table><\/figure>\n\n\n\n<p><strong>La modernisation de la ferme d\u2019Ambohimanamora. <\/strong>AVEC finance depuis 2006 \u00e0 Madagascar des investissements mat\u00e9riels dans les infrastructures (b\u00e2timents, \u00e9quipements en \u00e9lectricit\u00e9 et eau) ou immat\u00e9riels (formation, conseil, accompagnement technique de projets) au profit de l\u2019action sociale de la Congr\u00e9gation des Filles de la Sagesse. AVEC apporte le financement d\u2019investissements mais n\u2019en assure pas le fonctionnement. C\u2019est pourquoi est n\u00e9 le projet d\u2019une activit\u00e9 g\u00e9n\u00e9ratrice de revenus destin\u00e9s \u00e0 assurer le fonctionnement durable de l\u2019action sociale des Filles de la Sagesse \u00e0 Madagascar aupr\u00e8s des populations pauvres dans le domaine de la sant\u00e9 (dispensaires d\u2019Antsiramandroso et Marotsiriry, postes de sant\u00e9 de Mahazoarivo), et dans le domaine de l\u2019\u00e9ducation (\u00e9coles, coll\u00e8ges, lyc\u00e9es, centres de formation, etc.).<\/p>\n\n\n\n<p>Des exp\u00e9riences ont \u00e9t\u00e9 conduites \u00e0 partir de 2012, notamment \u00e0 Antsiramandroso o\u00f9 AVEC a construit des poulaillers et \u00e0 Mahazoarivo o\u00f9 AVEC a construit et \u00e9quip\u00e9 une porcherie pilote, mais faute d\u2019un mod\u00e8le \u00e9conomiquement rentable en brousse elles ont \u00e9t\u00e9 abandonn\u00e9es au profit d\u2019une recherche d\u2019activit\u00e9 g\u00e9n\u00e9ratrice de revenus \u00e0 localiser en proximit\u00e9 de lieux de consommation urbaine.<\/p>\n\n\n\n<p>L\u2019opportunit\u00e9 de r\u00e9alisation d\u2019un tel projet s\u2019est pr\u00e9sent\u00e9e en 2016, par <strong>la reprise d\u2019une ferme laiti\u00e8re \u00e0 Ambohimanamora <\/strong>(PK41 de la route d\u2019Antananarivo \u00e0 Antsirabe) r\u00e9alis\u00e9e par la Congr\u00e9gation. Son mauvais \u00e9tat a amen\u00e9 une \u00e9tude pr\u00e9alable du projet de<strong> modernisation de la ferme laiti\u00e8re<\/strong> qui s\u2019est d\u00e9roul\u00e9e sur place en d\u00e9cembre 2016 (Claude Oualibanga-Tolo et Maurice Jomard) de 2 s\u0153urs et les comp\u00e9tences de membres du conseil d\u2019AVEC. Une pr\u00e9sentation en a alors \u00e9t\u00e9 effectu\u00e9e au Conseil Provincial des Filles de la Sagesse puis au Conseil d\u2019administration d\u2019AVEC qui ont tous deux retenu ce projet comme prioritaire.<\/p>\n\n\n\n<p>L\u2019objectif de cette ferme laiti\u00e8re de 30 ha est de transformer \u00e0 terme la production des vaches laiti\u00e8res en fromages. Dans un premier temps, il s\u2019agissait de renouveler le cheptel, de rationaliser et autonomiser son alimentation par les mises en cultures fourrag\u00e8res des terres, d\u2019augmenter ainsi la production laiti\u00e8re et de la commercialiser aupr\u00e8s d\u2019un ou plusieurs collecteurs.<\/p>\n\n\n\n<p>Deux missions d\u2019AVEC (Maurice Jomard) ont eu lieu sur place en juillet 2017 et octobre 2018. Elles ont permis de faire le point d\u2019avancement, d\u2019actualiser le plan d\u2019action notamment en termes de management de projet et \u00e0 \u00e9valuer les besoins de la laiterie (adaptation des b\u00e2timents existants, mat\u00e9riels et \u00e9nergie \u00e9lectrique) pour lesquels une contribution financi\u00e8re du M\u00e9c\u00e9nat de Cr\u00e9dit Agricole Corporate Investment Bank (CACIB) a \u00e9t\u00e9 obtenue en novembre 2018 pour un montant de 3.000\u20ac.<\/p>\n\n\n\n<p>La mission de juillet 2019 d\u2019AVEC sur place (Maurice Jomard) effectu\u00e9e avec l\u2019appui du Centre International de Recherche Agronomique pour le D\u00e9veloppement (CIRAD d\u2019Antsirabe) et l&rsquo;Administration g\u00e9n\u00e9rale de la Congr\u00e9gation (Isabelle Retailleau et Pierrette Bwamba), instance situ\u00e9e \u00e0 Paris, a permis de concerter, actualiser et prioriser le plan d\u2019action et identifier les besoins d\u2019investissements. Le rapport de mission a \u00e9t\u00e9 effectu\u00e9e par AVEC au Conseil Provincial des Filles de la Sagesse \u00e0 Antananarivo, qui l\u2019a valid\u00e9.<\/p>\n\n\n\n<p>Des rencontres \u00e0 Paris entre AVEC (Maurice Jomard, Jean Lacoin et Luc Ravinet) et l&rsquo;Administration g\u00e9n\u00e9rale des Filles de la Sagesse (Isabelle Retailleau, Dary Palacio-Parra et Pierrette Bwamba) ont conduit \u00e0 la recherche de financements, puis \u00e0 l\u2019obtention en d\u00e9cembre 2019 par AVEC de financements aupr\u00e8s de l\u2019Agence des Micro Projets (AMP) pour un montant de 15.000\u20ac. L&rsquo;Administration g\u00e9n\u00e9rale a obtenu pour sa part le financement de mat\u00e9riels agricoles (17.500\u20ac), de la construction de fosses \u00e0 purin (13.500\u20ac) et de l\u2019extension de l\u2019\u00e9table (15.500\u20ac).<\/p>\n","protected":false},"excerpt":{"rendered":"<p>La mission r\u00e9alis\u00e9e sur place&nbsp;en juin-juillet 2019 a permis&nbsp;: La formation des soignantes&nbsp;: Luc Ravinet a assur\u00e9 en juin, sa 5\u00e8me session de formation, organis\u00e9e \u00e0 Tamatave pour la partie th\u00e9orique et dans les deux dispensaires pour les applications pratiques. Le contenu en a \u00e9t\u00e9 concert\u00e9 avec les s\u0153urs comme chaque ann\u00e9e. L\u2019\u00e9quipement en eau&hellip;&nbsp;<a href=\"https:\/\/avec-madagascar.fr\/?page_id=561\" class=\"\" rel=\"bookmark\">Lire la suite &raquo;<span class=\"screen-reader-text\">2019<\/span><\/a><\/p>\n","protected":false},"author":1,"featured_media":0,"parent":0,"menu_order":0,"comment_status":"closed","ping_status":"closed","template":"","meta":{"om_disable_all_campaigns":false,"_monsterinsights_skip_tracking":false,"_monsterinsights_sitenote_active":false,"_monsterinsights_sitenote_note":"","_monsterinsights_sitenote_category":0,"neve_meta_sidebar":"","neve_meta_container":"","neve_meta_enable_content_width":"","neve_meta_content_width":0,"neve_meta_title_alignment":"","neve_meta_author_avatar":"","neve_post_elements_order":"","neve_meta_disable_header":"","neve_meta_disable_footer":"","neve_meta_disable_title":""},"aioseo_notices":[],"_links":{"self":[{"href":"https:\/\/avec-madagascar.fr\/index.php?rest_route=\/wp\/v2\/pages\/561"}],"collection":[{"href":"https:\/\/avec-madagascar.fr\/index.php?rest_route=\/wp\/v2\/pages"}],"about":[{"href":"https:\/\/avec-madagascar.fr\/index.php?rest_route=\/wp\/v2\/types\/page"}],"author":[{"embeddable":true,"href":"https:\/\/avec-madagascar.fr\/index.php?rest_route=\/wp\/v2\/users\/1"}],"replies":[{"embeddable":true,"href":"https:\/\/avec-madagascar.fr\/index.php?rest_route=%2Fwp%2Fv2%2Fcomments&post=561"}],"version-history":[{"count":1,"href":"https:\/\/avec-madagascar.fr\/index.php?rest_route=\/wp\/v2\/pages\/561\/revisions"}],"predecessor-version":[{"id":562,"href":"https:\/\/avec-madagascar.fr\/index.php?rest_route=\/wp\/v2\/pages\/561\/revisions\/562"}],"wp:attachment":[{"href":"https:\/\/avec-madagascar.fr\/index.php?rest_route=%2Fwp%2Fv2%2Fmedia&parent=561"}],"curies":[{"name":"wp","href":"https:\/\/api.w.org\/{rel}","templated":true}]}}