{"id":565,"date":"2022-06-07T22:20:46","date_gmt":"2022-06-07T22:20:46","guid":{"rendered":"https:\/\/avec-madagascar.fr\/?page_id=565"},"modified":"2022-06-07T22:20:46","modified_gmt":"2022-06-07T22:20:46","slug":"2017-2","status":"publish","type":"page","link":"https:\/\/avec-madagascar.fr\/?page_id=565","title":{"rendered":"2017"},"content":{"rendered":"\n<p>Luc Ravinet poursuit les formations dispens\u00e9es aux s\u0153urs soignantes depuis 2015. Les sujets qui avaient \u00e9t\u00e9 retenus cette ann\u00e9e sont&nbsp;: la canc\u00e9rologie, les examens compl\u00e9mentaires \u00e0 une consultation, la p\u00e9diatrie, la cardiologie, la pharmacologie et enfin l\u2019obst\u00e9trique avec la pr\u00e9sence de sa fille, le Dr Julie Ravinet venue sp\u00e9cialement de la R\u00e9union pour son intervention.<\/p>\n\n\n\n<p>La mise en place de services de maternit\u00e9s dans les dispensaires \u00e0 Antsiramandroso et Marotsiriry, besoin exprim\u00e9 par les s\u0153urs lors de cette formation, va \u00eatre travaill\u00e9e pour&nbsp;\u00e9valuer au-del\u00e0 de l\u2019opportunit\u00e9 du projet, les besoins en locaux et mat\u00e9riels, et les adaptations, notamment de la pharmacie, \u00e0 cette nouvelle activit\u00e9.<\/p>\n\n\n\n<p>Le programme de formation de 2018&nbsp;a \u00e9t\u00e9 arr\u00eat\u00e9 avec les s\u0153urs&nbsp;: gestes d\u2019urgence, parasitologie, troubles du rachis, h\u00e9patites et urologie.<\/p>\n\n\n\n<p>John Porcheron a effectu\u00e9 son stage dipl\u00f4mant de 5 semaines (bac professionnel \u00e0 Vannes) \u00e0 la menuiserie du CCSG de Tamatave, les travaux et apprentissages effectu\u00e9s sur place lui ont permis de se confronter \u00e0 un monde \u00e9ducatif tr\u00e8s diff\u00e9rent du contexte fran\u00e7ais dans un cadre d\u2019excellent accueil qu\u2019il a re\u00e7u des enseignants et des \u00e9changes sympathiques qu\u2019il a pu avoir avec d\u2019autres jeunes apprentis. Brigitte Porcheron, sa maman, a pris en charge sur place durant ces 5 semaines&nbsp;toutes sortes d\u2019activit\u00e9s \u00e0 l\u2019\u00e9cole Sainte Th\u00e9r\u00e8se et \u00e0 l\u2019orphelinat Montfort de Salazamay, elle a \u00e9galement assur\u00e9 des cours de fran\u00e7ais aupr\u00e8s de jeunes novices en formation \u00e0 Tamatave.<\/p>\n\n\n\n<p>Maurice Jomard a assur\u00e9 le suivi sur place des projets \u00e0 l\u2019occasion des visites effectu\u00e9es lors de cette mission&nbsp;:<\/p>\n\n\n\n<ul><li>Ebauche d\u2019un plan d\u2019action \u00ab&nbsp;Maternit\u00e9&nbsp;\u00bb&nbsp;(notamment \u00e9quipement)<ul><li>Elaboration de propositions techniques sur les projets \u00ab&nbsp;eau dans les dispensaires&nbsp;\u00bb pour permettre l\u2019acc\u00e8s \u00e0 l\u2019eau et sa s\u00e9curisation en p\u00e9riode de s\u00e9cheresse.<\/li><\/ul><ul><li>Organisation du management de la ferme laiti\u00e8re dans un contexte de d\u00e9part du responsable<\/li><\/ul><ul><li>Visite de groupements paysans<\/li><\/ul><ul><li>Remise d\u2019\u2019un fauteuil roulant financ\u00e9 par l\u2019association&nbsp;\u00ab&nbsp;Sylvain&nbsp;\u00bb \u00e0 un jeune handicap\u00e9 neurologique. &nbsp;&nbsp;<\/li><\/ul><\/li><\/ul>\n","protected":false},"excerpt":{"rendered":"<p>Luc Ravinet poursuit les formations dispens\u00e9es aux s\u0153urs soignantes depuis 2015. Les sujets qui avaient \u00e9t\u00e9 retenus cette ann\u00e9e sont&nbsp;: la canc\u00e9rologie, les examens compl\u00e9mentaires \u00e0 une consultation, la p\u00e9diatrie, la cardiologie, la pharmacologie et enfin l\u2019obst\u00e9trique avec la pr\u00e9sence de sa fille, le Dr Julie Ravinet venue sp\u00e9cialement de la R\u00e9union pour son intervention.&hellip;&nbsp;<a href=\"https:\/\/avec-madagascar.fr\/?page_id=565\" class=\"\" rel=\"bookmark\">Lire la suite &raquo;<span class=\"screen-reader-text\">2017<\/span><\/a><\/p>\n","protected":false},"author":1,"featured_media":0,"parent":0,"menu_order":0,"comment_status":"closed","ping_status":"closed","template":"","meta":{"om_disable_all_campaigns":false,"_monsterinsights_skip_tracking":false,"_monsterinsights_sitenote_active":false,"_monsterinsights_sitenote_note":"","_monsterinsights_sitenote_category":0,"neve_meta_sidebar":"","neve_meta_container":"","neve_meta_enable_content_width":"","neve_meta_content_width":0,"neve_meta_title_alignment":"","neve_meta_author_avatar":"","neve_post_elements_order":"","neve_meta_disable_header":"","neve_meta_disable_footer":"","neve_meta_disable_title":""},"aioseo_notices":[],"_links":{"self":[{"href":"https:\/\/avec-madagascar.fr\/index.php?rest_route=\/wp\/v2\/pages\/565"}],"collection":[{"href":"https:\/\/avec-madagascar.fr\/index.php?rest_route=\/wp\/v2\/pages"}],"about":[{"href":"https:\/\/avec-madagascar.fr\/index.php?rest_route=\/wp\/v2\/types\/page"}],"author":[{"embeddable":true,"href":"https:\/\/avec-madagascar.fr\/index.php?rest_route=\/wp\/v2\/users\/1"}],"replies":[{"embeddable":true,"href":"https:\/\/avec-madagascar.fr\/index.php?rest_route=%2Fwp%2Fv2%2Fcomments&post=565"}],"version-history":[{"count":1,"href":"https:\/\/avec-madagascar.fr\/index.php?rest_route=\/wp\/v2\/pages\/565\/revisions"}],"predecessor-version":[{"id":566,"href":"https:\/\/avec-madagascar.fr\/index.php?rest_route=\/wp\/v2\/pages\/565\/revisions\/566"}],"wp:attachment":[{"href":"https:\/\/avec-madagascar.fr\/index.php?rest_route=%2Fwp%2Fv2%2Fmedia&parent=565"}],"curies":[{"name":"wp","href":"https:\/\/api.w.org\/{rel}","templated":true}]}}