{"id":577,"date":"2022-06-07T22:34:40","date_gmt":"2022-06-07T22:34:40","guid":{"rendered":"https:\/\/avec-madagascar.fr\/?page_id=577"},"modified":"2022-06-07T22:34:41","modified_gmt":"2022-06-07T22:34:41","slug":"2013-2","status":"publish","type":"page","link":"https:\/\/avec-madagascar.fr\/?page_id=577","title":{"rendered":"2013"},"content":{"rendered":"\n<p><strong>La mission de Maurice Jomard <\/strong>du 13 au 30 juin 2013&nbsp;a permis de visiter tous les sites o\u00f9 l\u2019association intervient et de faire le point sur les r\u00e9alisations effectu\u00e9es en 2012-2013&nbsp;ainsi que d\u2019en signer les r\u00e9ceptions d\u00e9finitives notamment lors de la c\u00e9r\u00e9monie d\u2019inauguration de la menuiserie-\u00e9b\u00e9nisterie \u00e0 Marotisiry en pr\u00e9sence du d\u00e9put\u00e9 de la circonscription et de l\u2019\u00e9v\u00eaque de Tamatave.<\/p>\n\n\n\n<ul><li><strong>Marotsiriry<\/strong> : Construction d\u2019un b\u00e2timent de formation \u00e0 l\u2019\u00e9b\u00e9nisterie et la menuiserie (23&nbsp;400 \u20ac) et r\u00e9habilitation de l\u2019ancien b\u00e2timent pour l\u2019accueil des malades (2&nbsp;100 \u20ac).<\/li><li><strong>Mahazoarivo et Fandriana<\/strong> : Appui au fonctionnement de la Promotion Rurale et Agricole pour une dur\u00e9e d\u2019un an afin d\u2019assurer une transition financi\u00e8re (4&nbsp;000 \u20ac)<\/li><li><strong>Antsiramandroso<\/strong> : construction des poulaillers pour une autonomisation financi\u00e8re du dispensaire (3&nbsp;000\u20ac), avec actuellement une production quotidienne de 200 \u00e0 300 \u0153ufs<\/li><\/ul>\n","protected":false},"excerpt":{"rendered":"<p>La mission de Maurice Jomard du 13 au 30 juin 2013&nbsp;a permis de visiter tous les sites o\u00f9 l\u2019association intervient et de faire le point sur les r\u00e9alisations effectu\u00e9es en 2012-2013&nbsp;ainsi que d\u2019en signer les r\u00e9ceptions d\u00e9finitives notamment lors de la c\u00e9r\u00e9monie d\u2019inauguration de la menuiserie-\u00e9b\u00e9nisterie \u00e0 Marotisiry en pr\u00e9sence du d\u00e9put\u00e9 de la circonscription&hellip;&nbsp;<a href=\"https:\/\/avec-madagascar.fr\/?page_id=577\" class=\"\" rel=\"bookmark\">Lire la suite &raquo;<span class=\"screen-reader-text\">2013<\/span><\/a><\/p>\n","protected":false},"author":1,"featured_media":0,"parent":0,"menu_order":0,"comment_status":"closed","ping_status":"closed","template":"","meta":{"om_disable_all_campaigns":false,"_monsterinsights_skip_tracking":false,"_monsterinsights_sitenote_active":false,"_monsterinsights_sitenote_note":"","_monsterinsights_sitenote_category":0,"neve_meta_sidebar":"","neve_meta_container":"","neve_meta_enable_content_width":"","neve_meta_content_width":0,"neve_meta_title_alignment":"","neve_meta_author_avatar":"","neve_post_elements_order":"","neve_meta_disable_header":"","neve_meta_disable_footer":"","neve_meta_disable_title":""},"aioseo_notices":[],"_links":{"self":[{"href":"https:\/\/avec-madagascar.fr\/index.php?rest_route=\/wp\/v2\/pages\/577"}],"collection":[{"href":"https:\/\/avec-madagascar.fr\/index.php?rest_route=\/wp\/v2\/pages"}],"about":[{"href":"https:\/\/avec-madagascar.fr\/index.php?rest_route=\/wp\/v2\/types\/page"}],"author":[{"embeddable":true,"href":"https:\/\/avec-madagascar.fr\/index.php?rest_route=\/wp\/v2\/users\/1"}],"replies":[{"embeddable":true,"href":"https:\/\/avec-madagascar.fr\/index.php?rest_route=%2Fwp%2Fv2%2Fcomments&post=577"}],"version-history":[{"count":1,"href":"https:\/\/avec-madagascar.fr\/index.php?rest_route=\/wp\/v2\/pages\/577\/revisions"}],"predecessor-version":[{"id":578,"href":"https:\/\/avec-madagascar.fr\/index.php?rest_route=\/wp\/v2\/pages\/577\/revisions\/578"}],"wp:attachment":[{"href":"https:\/\/avec-madagascar.fr\/index.php?rest_route=%2Fwp%2Fv2%2Fmedia&parent=577"}],"curies":[{"name":"wp","href":"https:\/\/api.w.org\/{rel}","templated":true}]}}