{"id":593,"date":"2022-06-07T22:43:37","date_gmt":"2022-06-07T22:43:37","guid":{"rendered":"https:\/\/avec-madagascar.fr\/?page_id=593"},"modified":"2022-06-07T22:43:37","modified_gmt":"2022-06-07T22:43:37","slug":"2010-2","status":"publish","type":"page","link":"https:\/\/avec-madagascar.fr\/?page_id=593","title":{"rendered":"2010"},"content":{"rendered":"\n<p>Bilan des r\u00e9alisations sur le terrain pr\u00e9sent\u00e9 lors de l\u2019AG &nbsp;d\u2019AVEC le 14 mars 2011:<\/p>\n\n\n\n<ul><li>A Mahazoarivo&nbsp;:<\/li><\/ul>\n\n\n\n<p>Construction d\u2019un poste de sant\u00e9, en compl\u00e9ment du CSB II (centre de sant\u00e9 de base avec m\u00e9decin r\u00e9sident), permettant la distribution de m\u00e9dicaments (suspendue en 2010 pour manque de personnel comp\u00e9tent), des r\u00e9unions de malades et leurs familles, et l\u2019accueil de m\u00e9decins sp\u00e9cialis\u00e9s (proth\u00e9sistes\u2026). Il s\u2019agit d\u2019un b\u00e2timent de 2 \u00e9tages de 12 m sur 6,30 m, partag\u00e9 avec le centre de promotion rurale, dont la construction a d\u00e9marr\u00e9 en juillet 2009 et l\u2019inauguration a eu lieu en janvier 2011, lors de la mission de Maurice Jomard et Claude Oualibanga-Tolo. Le financement a \u00e9t\u00e9 assur\u00e9 \u00e0 50 % par AVEC, correspondant au poste de sant\u00e9, pour un montant de 6&nbsp;000 \u20ac. Le reste du budget a \u00e9t\u00e9 apport\u00e9 par les S\u0153urs sur financement d\u2019autres ONG aidant le d\u00e9veloppement de l\u2019agriculture familiale.<\/p>\n\n\n\n<ul><li>A Marotsiriry&nbsp;:<ul><li>Alimentation en eau du dispensaire (puits, ch\u00e2teau d\u2019eau, pompe immerg\u00e9e aliment\u00e9e par des panneaux solaires) pour un co\u00fbt global de 10&nbsp;000 \u20ac support\u00e9s int\u00e9gralement par AVEC.<\/li><\/ul><\/li><\/ul>\n\n\n\n<ul><li>A Antsiramandroso&nbsp;:<ul><li>Reconstruction en dur de 3 classes suite \u00e0 leur destruction par le cyclone Yvan en 2008, pour un co\u00fbt global de 11&nbsp;000 \u20ac, avec la participation de la commune de Tamatave suburbaine et des parents d\u2019\u00e9l\u00e8ves Malgaches (1&nbsp;800 \u20ac) ainsi que des subventions de la r\u00e9gion Centre (2&nbsp;141 \u20ac) et des communes de Villiers-le-Morhier (1&nbsp;000 \u20ac) et Pierres (1&nbsp;000&nbsp;\u20ac). AVEC a assur\u00e9 le compl\u00e9ment.<\/li><\/ul><\/li><\/ul>\n\n\n\n<p>Le 13 novembre 2009, lors de sa mission sur place, Maurice Jomard a sign\u00e9 pour AVEC un contrat entre l\u2019entreprise locale de construction d\u2019une part et un partenariat tripartite Congr\u00e9gation &#8211; Commune de Tamatave Suburbaine &#8211; AVEC. La participation de la Congr\u00e9gation, \u00e0 m\u00eame de suivre le projet sur place, \u00e9tait et a \u00e9t\u00e9 une garantie de suivi et de bonne fin.<\/p>\n\n\n\n<p>L\u2019inauguration et la remise officielle des cl\u00e9s ont eu lieu lors de la mission de Maurice Jomard et Claude Oualibanga-Tolo en janvier 2011, en pr\u00e9sence du maire de Tamatave suburbain, du pr\u00e9sident des parents d\u2019\u00e9l\u00e8ves et de la t\u00e9l\u00e9vision malgache.<\/p>\n","protected":false},"excerpt":{"rendered":"<p>Bilan des r\u00e9alisations sur le terrain pr\u00e9sent\u00e9 lors de l\u2019AG &nbsp;d\u2019AVEC le 14 mars 2011: A Mahazoarivo&nbsp;: Construction d\u2019un poste de sant\u00e9, en compl\u00e9ment du CSB II (centre de sant\u00e9 de base avec m\u00e9decin r\u00e9sident), permettant la distribution de m\u00e9dicaments (suspendue en 2010 pour manque de personnel comp\u00e9tent), des r\u00e9unions de malades et leurs familles,&hellip;&nbsp;<a href=\"https:\/\/avec-madagascar.fr\/?page_id=593\" class=\"\" rel=\"bookmark\">Lire la suite &raquo;<span class=\"screen-reader-text\">2010<\/span><\/a><\/p>\n","protected":false},"author":1,"featured_media":0,"parent":0,"menu_order":0,"comment_status":"closed","ping_status":"closed","template":"","meta":{"om_disable_all_campaigns":false,"_monsterinsights_skip_tracking":false,"_monsterinsights_sitenote_active":false,"_monsterinsights_sitenote_note":"","_monsterinsights_sitenote_category":0,"neve_meta_sidebar":"","neve_meta_container":"","neve_meta_enable_content_width":"","neve_meta_content_width":0,"neve_meta_title_alignment":"","neve_meta_author_avatar":"","neve_post_elements_order":"","neve_meta_disable_header":"","neve_meta_disable_footer":"","neve_meta_disable_title":""},"aioseo_notices":[],"_links":{"self":[{"href":"https:\/\/avec-madagascar.fr\/index.php?rest_route=\/wp\/v2\/pages\/593"}],"collection":[{"href":"https:\/\/avec-madagascar.fr\/index.php?rest_route=\/wp\/v2\/pages"}],"about":[{"href":"https:\/\/avec-madagascar.fr\/index.php?rest_route=\/wp\/v2\/types\/page"}],"author":[{"embeddable":true,"href":"https:\/\/avec-madagascar.fr\/index.php?rest_route=\/wp\/v2\/users\/1"}],"replies":[{"embeddable":true,"href":"https:\/\/avec-madagascar.fr\/index.php?rest_route=%2Fwp%2Fv2%2Fcomments&post=593"}],"version-history":[{"count":1,"href":"https:\/\/avec-madagascar.fr\/index.php?rest_route=\/wp\/v2\/pages\/593\/revisions"}],"predecessor-version":[{"id":595,"href":"https:\/\/avec-madagascar.fr\/index.php?rest_route=\/wp\/v2\/pages\/593\/revisions\/595"}],"wp:attachment":[{"href":"https:\/\/avec-madagascar.fr\/index.php?rest_route=%2Fwp%2Fv2%2Fmedia&parent=593"}],"curies":[{"name":"wp","href":"https:\/\/api.w.org\/{rel}","templated":true}]}}