{"id":596,"date":"2022-06-07T22:46:28","date_gmt":"2022-06-07T22:46:28","guid":{"rendered":"https:\/\/avec-madagascar.fr\/?page_id=596"},"modified":"2022-06-07T22:46:29","modified_gmt":"2022-06-07T22:46:29","slug":"2009-2","status":"publish","type":"page","link":"https:\/\/avec-madagascar.fr\/?page_id=596","title":{"rendered":"2009"},"content":{"rendered":"\n<p><strong>Les projets lanc\u00e9s en 2008 et en cours de r\u00e9alisation<\/strong><\/p>\n\n\n\n<ul><li>A Antsiramandroso&nbsp;:<ul><li>Electrification du dispensaire en 2006\/2008 pour un co\u00fbt global de 24&nbsp;000 \u20ac, en liaison avec le Lions Club (17&nbsp;000 \u20ac).<\/li><li>Construction de 3 classes en dur pour un co\u00fbt global de 11&nbsp;000 \u20ac, avec la participation de la commune de Tamatave suburbain et des parents d\u2019\u00e9l\u00e8ves (1&nbsp;800 \u20ac) et des subventions de la r\u00e9gion Centre (2&nbsp;141 \u20ac) et des communes de Villiers-le-Morhier (1&nbsp;000 \u20ac) et de Pierres (1&nbsp;000&nbsp;\u20ac). Notre association assure le compl\u00e9ment&nbsp;en r\u00e9affectant un budget de 2&nbsp;000 \u20ac initialement destin\u00e9 \u00e0 une alimentation en eau qui a \u00e9t\u00e9 finalement r\u00e9alis\u00e9e par la Croix Rouge, en utilisant les fonds r\u00e9colt\u00e9s lors de l\u2019op\u00e9ration souvenir R\u00e9gine Daudin (1&nbsp;140,30 \u20ac) et en finan\u00e7ant le solde sur nos ressources (soit environ 2&nbsp;000 \u20ac).<\/li><\/ul><\/li><\/ul>\n\n\n\n<p>Le 13 novembre 2009, le contrat a \u00e9t\u00e9 sign\u00e9 entre l\u2019entreprise de construction d\u2019une part et un partenariat tripartite Congr\u00e9gation-Commune de Tamatave suburbain-AVEC. La participation de la Congr\u00e9gation, \u00e0 m\u00eame de suivre le projet sur place, est une garantie dans cette p\u00e9riode d\u2019instabilit\u00e9 politique.<\/p>\n\n\n\n<ul><li>A Marotsiriry&nbsp;:<ul><li>Electrification du dispensaire en 2007 pour un co\u00fbt global de pr\u00e8s de 20&nbsp;000 \u20ac support\u00e9 \u00e0 50 % par AVEC et \u00e0 50 % par d\u2019autres ONG<\/li><li>Alimentation en eau du dispensaire en 2008\/2009 (puits, ch\u00e2teau d\u2019eau, pompe immerg\u00e9e aliment\u00e9e par des panneaux solaires) pour un co\u00fbt global de 10&nbsp;090 \u20ac support\u00e9s int\u00e9gralement par AVEC.<\/li><\/ul><\/li><\/ul>\n\n\n\n<ul><li>A Mahazoarivo&nbsp;:<ul><li>Construction d\u2019un poste de sant\u00e9, en compl\u00e9ment du CSB II (centre de sant\u00e9 de base avec m\u00e9decin r\u00e9sident), permettant la distribution de m\u00e9dicaments, des r\u00e9unions de malades et leurs familles, et l\u2019accueil de m\u00e9decins sp\u00e9cialis\u00e9s (ex.&nbsp;: proth\u00e9sistes). Il s\u2019agit d\u2019un b\u00e2timent de 2 \u00e9tages de 12 m sur 6,30 m, partag\u00e9 avec le centre de promotion rurale. La construction a d\u00e9marr\u00e9 en juillet 2009. Le financement est assur\u00e9 \u00e0 50 % par AVEC, correspondant au poste de sant\u00e9 pour un montant de 6&nbsp;000 \u20ac.<\/li><\/ul><\/li><\/ul>\n","protected":false},"excerpt":{"rendered":"<p>Les projets lanc\u00e9s en 2008 et en cours de r\u00e9alisation A Antsiramandroso&nbsp;: Electrification du dispensaire en 2006\/2008 pour un co\u00fbt global de 24&nbsp;000 \u20ac, en liaison avec le Lions Club (17&nbsp;000 \u20ac). Construction de 3 classes en dur pour un co\u00fbt global de 11&nbsp;000 \u20ac, avec la participation de la commune de Tamatave suburbain et&hellip;&nbsp;<a href=\"https:\/\/avec-madagascar.fr\/?page_id=596\" class=\"\" rel=\"bookmark\">Lire la suite &raquo;<span class=\"screen-reader-text\">2009<\/span><\/a><\/p>\n","protected":false},"author":1,"featured_media":0,"parent":0,"menu_order":0,"comment_status":"closed","ping_status":"closed","template":"","meta":{"om_disable_all_campaigns":false,"_monsterinsights_skip_tracking":false,"_monsterinsights_sitenote_active":false,"_monsterinsights_sitenote_note":"","_monsterinsights_sitenote_category":0,"neve_meta_sidebar":"","neve_meta_container":"","neve_meta_enable_content_width":"","neve_meta_content_width":0,"neve_meta_title_alignment":"","neve_meta_author_avatar":"","neve_post_elements_order":"","neve_meta_disable_header":"","neve_meta_disable_footer":"","neve_meta_disable_title":""},"aioseo_notices":[],"_links":{"self":[{"href":"https:\/\/avec-madagascar.fr\/index.php?rest_route=\/wp\/v2\/pages\/596"}],"collection":[{"href":"https:\/\/avec-madagascar.fr\/index.php?rest_route=\/wp\/v2\/pages"}],"about":[{"href":"https:\/\/avec-madagascar.fr\/index.php?rest_route=\/wp\/v2\/types\/page"}],"author":[{"embeddable":true,"href":"https:\/\/avec-madagascar.fr\/index.php?rest_route=\/wp\/v2\/users\/1"}],"replies":[{"embeddable":true,"href":"https:\/\/avec-madagascar.fr\/index.php?rest_route=%2Fwp%2Fv2%2Fcomments&post=596"}],"version-history":[{"count":1,"href":"https:\/\/avec-madagascar.fr\/index.php?rest_route=\/wp\/v2\/pages\/596\/revisions"}],"predecessor-version":[{"id":597,"href":"https:\/\/avec-madagascar.fr\/index.php?rest_route=\/wp\/v2\/pages\/596\/revisions\/597"}],"wp:attachment":[{"href":"https:\/\/avec-madagascar.fr\/index.php?rest_route=%2Fwp%2Fv2%2Fmedia&parent=596"}],"curies":[{"name":"wp","href":"https:\/\/api.w.org\/{rel}","templated":true}]}}